 = 6*r(p) - 7*y(p). Let t(i) be the first derivative of m(i). Let k = -3 + 4. Determine t(k).
-3
Let j(o) = -o**2 - 3*o + 7. Suppose 5*s - 20 = s. Suppose 50 = -s*r + 5*w, 4*r + w = -9 - 6. Calculate j(r).
-3
Let a(t) be the second derivative of -1/6*t**3 + 0 - 7/2*t**2 - t. Determine a(-6).
-1
Suppose -c - 9 = a + c, -2*a - 2*c = 16. Let v(i) = i + 2. Determine v(a).
-5
Let r(g) be the first derivative of 1 + 1/4*g**4 - g**3 - 3/2*g**2 - 2*g. Determine r(4).
2
Suppose 33*i - 34*i = -2. Let l(k) be the first derivative of -2 - 6*k + 3/2*k**i. What is l(4)?
6
Let h(d) = -2*d - 3. Let i(j) = 2*j + 7. Suppose -2*x - 3 = 2*k - x, 3*x = -4*k - 5. Let l be 1 + 3*k*1. Let m be i(l). Calculate h(m).
3
Let q(a) be the first derivative of -a**4/12 + 2*a**3/3 - a**2 + 4*a - 3. Let k(l) be the first derivative of q(l). What is k(4)?
-2
Suppose 0 = 3*y - 24 - 0. Let o(m) = -m + 7. Give o(y).
-1
Let a(x) = -4*x - 3*x**2 - 8 + 2*x**2 + 7 - 3. Give a(-4).
-4
Suppose 0 = -b - b + 34. Suppose -24 = -3*c + 3*y - 9, b = c - 4*y. Let l(p) = 0 + 3*p**2 + p**2 + 1. Give l(c).
5
Let u(w) = -w**2 + 4. Suppose 0*l = -4*l + 24. Let s = 12 - l. Let p be s/(-4)*2 + 3. Give u(p).
4
Let b(n) = 2*n**3 + 3*n**2 + n - 1. Let m(u) = -u**2 + 9*u - 10. Let i be m(7). Suppose -3*v = i + 2. What is b(v)?
-7
Let i = -7 + 10. Let v(o) = -2*o**3 + 15*o**2 + 7*o - 4. Let t(h) = h**3 - 7*h**2 - 3*h + 2. Suppose 0*y = 2*y - 18. Let f(m) = y*t(m) + 4*v(m). What is f(i)?
5
Let a(n) = -n**2 + 8*n - 4. Let t be a(7). Let x(q) be the third derivative of 1/24*q**4 + 0 - t*q**2 + 0*q**5 + 0*q - 1/120*q**6 + 0*q**3. Calculate x(2).
-6
Let j(t) = t**3 - t**2 + 3*t - 3. Let o = -1 - -3. What is j(o)?
7
Let t(q) = -2*q**3 + 8*q**2 + 2*q - 9. Let w be t(4). Let p(c) = 18*c + 1. Determine p(w).
-17
Let p be 3 + (0 - 1) + 0. Let a(d) = -7*d - 5. Let b(y) = -11*y - 8. Let r(o) = 8*a(o) - 5*b(o). Let l(k) = k. Let w(j) = p*r(j) + 3*l(j). Give w(-3).
-3
Let q(w) = -w**3 + 3*w - 2. Suppose 3*v - b - 3 + 0 = 0, -v + 9 = -3*b. Let h = 2 - v. Suppose -4*d = -i - 13, -h*d = -6*d - i + 3. Give q(d).
-4
Let i(w) = w + 11. Let a(r) = 2*r**2 - 2*r - 2. Let h be a(2). Suppose -3*l + 2 = -h*l, -5*z - 6 = -3*l. Calculate i(z).
11
Suppose 0 = 3*x + 4*r - 20, x + 3*r = -x + 14. Let m(d) = -11 - x + 16 + 2*d + 2*d. Let o = -2 + -1. What is m(o)?
-11
Suppose 8*v + 41 = 1. Let q(d) = -d**2 - 3*d + 7. Determine q(v).
-3
Let c(l) be the first derivative of l**2/2 + 2*l + 2. Let u(z) = -3*z + 4*z - z - z. Let t be u(5). Calculate c(t).
-3
Suppose -5 - 4 = 3*s. Let c(l) = l**2. Let w(b) = -2*b**2 - 6*b - 1. Suppose 0 = -2*v - 0*v - 2. Let p(g) = s*c(g) + v*w(g). Calculate p(5).
6
Let s = 5 + -9. Let m = s - -6. Let a(l) = -7 + 4*l + 2 - l + 4. What is a(m)?
5
Let j(d) = -3*d**2 + 29*d + 30. Let g(p) = p**2 - 10*p - 10. Let m(u) = 8*g(u) + 3*j(u). Give m(8).
2
Let d be -2 - (-4 - (2 + -4)). Suppose g + g - 10 = d. Suppose -5*l + 0 = s - 7, 0 = -l + g*s - 9. Let i(t) = 4*t**3 + t**2 - 1. Determine i(l).
4
Let s(j) = j. Let a be (-4)/14 - (-80)/(-14). Determine s(a).
-6
Let k(y) = -y + 1. Let p be k(1). Let v be (-1)/((1 - p) + 0). Let j(f) = -2*f**3 - 2*f**2 - f. Determine j(v).
1
Let h(b) = b - 1. Let g(o) be the first derivative of -o**4/2 - 4*o**3/3 - o**2/2 + 2*o - 4. Let q be (-10)/6 + (-2)/6. Let r be g(q). Give h(r).
3
Let j(a) = -3*a - 1. Let d(z) = 7*z + 1. Let i(l) = 4*d(l) + 10*j(l). Let s = 6 + -11. Calculate i(s).
4
Let v(r) be the first derivative of -r**3/3 + r**2/2 - r + 2. Let z be (-1)/(2/(-12) - 0). Let g(j) = j - 5. Let k be g(z). What is v(k)?
-1
Let s(z) = 4*z**3 - z - z**2 - 3*z**3 + 2 - 3. Let a(i) = 3*i**3 + 4*i**2 + 2*i - 2. Let j(w) = -a(w) + 2*s(w). What is j(-5)?
-5
Let b = 7 - 3. Suppose -3 - 5 = -b*n. Let k(t) = n*t + 5*t**3 - 2*t + t**2. What is k(-1)?
-4
Let n be (4 - 2) + -4 + 12. Suppose 2 = -2*y + n. Let f(t) = -t**3 - 4*t**3 + 2*t**2 + 4*t + y*t**3 - 3. What is f(2)?
5
Let t be (-1)/(-5) - (-18)/(-15). Let p(b) = 9*b**3 - b**2 - 2*b - 1. Give p(t).
-9
Let x = 10 + -8. Suppose 3*f - 2 = -4*n - 0, 0 = x*f + 4*n. Let z(u) be the first derivative of -u**4/4 + 2*u**3/3 + 2*u - 2. Determine z(f).
2
Let r be (3/(-9))/(1/(-6)). Suppose r*x = -2*d + 16, -4*d + 2*x = -2*d. Let q(g) be the third derivative of -g**4/24 + g**3/2 + g**2. Calculate q(d).
-1
Let a(r) = r**3 - 7*r**2 + 8*r - 6. Let p be a(6). Suppose 2*g - 3*g = p. Let k(n) be the third derivative of n**6/120 + n**5/10 + n**3 - n**2. Calculate k(g).
6
Let o(p) = 1. Let d(x) = 5*x - 3. Let h(f) = -d(f) - 2*o(f). Let l(s) = 2*s**2 + 2*s + 1. Let c be l(-1). Suppose 0 = 5*u, -2*u + 1 + c = -2*g. What is h(g)?
6
Let s(d) = 3*d - 2. Let j(i) = -4*i + 2. Let r(b) = 2*j(b) + 3*s(b). Determine r(3).
1
Let s(o) = -2*o - o**2 - 2*o + 7 - 12 + 0*o. Let l be 1/((2/(-14))/1). Let z = -11 - l. Give s(z).
-5
Let a be (-1)/(-2) - 54/(-12). Let v(k) be the third derivative of k**4/24 - k**3/2 - 7*k**2. Determine v(a).
2
Let z(m) = 6*m**2 + m. Let b be z(-1). Let n be (8/b)/((-2)/(-5)). Let u(j) = -j + 1. Determine u(n).
-3
Let x(z) = -z. Let d(b) = b**2 - b - 2. Let m be d(3). Let r(v) = -v**2 + v - 3. Let p(n) = m*x(n) - r(n). Let k(j) = j + 7. Let q be k(-3). Determine p(q).
-1
Let u(n) = -2*n + 1. Let x(b) = -1 + 5 + 2*b + 5. Let q = -20 + 14. Let z be x(q). Give u(z).
7
Let c(f) = -4*f + 18. Let n(x) = -x + 1. Let r(t) = -c(t) + 5*n(t). Give r(-7).
-6
Let h be (-1)/(2 + 7/(-3)). Let z(s) = 2 - s**h + 2*s + 2*s**2 + 0*s**2 - s. Determine z(3).
-4
Suppose -8 = -5*y - 83. Let i = y - -18. Let t(d) = -d**3 + 2*d**2 + 4*d. Give t(i).
3
Let f be (-10)/((3 - 1 - 3) + 3). Let n(g) = -3*g - 7. Give n(f).
8
Let g(f) = 7 + 43*f + 5*f**2 + 0*f**3 + f**3 - 45*f. What is g(-6)?
-17
Let q(s) be the first derivative of 2*s**3/3 - 3*s**2/2 + s + 10. What is q(3)?
10
Let t(l) = -l**3 - 4*l**2 + 1. Let o be t(-3). Let q(u) = u**2 + 9*u + 9. Determine q(o).
1
Let f(k) = -50*k. Let h(p) = 7*p. Let q(m) = 2*f(m) + 15*h(m). What is q(-3)?
-15
Suppose -4*r = 0, -5*q + 0*q - 2*r + 25 = 0. Suppose q*h + 8 = 23. Let f(k) = -k**2 + 4*k - 3. Give f(h).
0
Let b(h) = 2*h**2 - 3*h - 6. Let q(v) = -v + 1. Let g(z) = b(z) + q(z). Determine g(4).
11
Let x be (3/6)/((-1)/(-10)). Let r(k) = 5*k - 2*k + 3*k - 2 - x*k. Determine r(5).
3
Let b(j) = 3*j - 3. Let o = -8 - -11. Suppose -3*m + 2*m + o = 0. Calculate b(m).
6
Let r(w) = w**3 - 10*w**2 + 8*w + 11. Let h be r(9). Let m(y) = -2*y + 2*y**2 + 1 - 2*y**2 + 0*y**2 + h*y**3 + 2*y**2. What is m(1)?
3
Let n(u) = -15*u - 19. Let i(x) = 7*x + 9. Let t(f) = -13*i(f) - 6*n(f). Let l(s) = -s - 3. Let w(q) = -5*l(q) + 6*t(q). Give w(5).
-8
Let q(s) = s**2 + 12*s - 5. Let k be -13 + (0 + 1 - 0). What is q(k)?
-5
Let o(s) = -8*s**3 + s. Let x = -8 + 9. Determine o(x).
-7
Let x(a) = -a**2 - 4*a - 1. Let y = 14 + -17. What is x(y)?
2
Let u(o) = -o**3 + 4*o**2 + 7*o - 3. Suppose -3*f = -5*w + 6, -4*w - 4*f + 6 = -7*f. Suppose -2*r + 7 = -3. Let t = r - w. Calculate u(t).
7
Let d(n) = n**2 - 2. Suppose 7 = -2*y + 1. Let f = y - -6. Calculate d(f).
7
Let p(u) = 0 + u**3 - 1 - 5*u**2 + 4*u**2. Let y(n) = n**3 + 10*n**2 + 8*n - 10. Let w be y(-9). Let k be 1*((w - -2) + -1). Give p(k).
-1
Let g = 2/41 + 33/164. Let v(j) be the first derivative of 2 + 5*j - j**3 - 3*j**2 + g*j**4. Determine v(4).
-3
Let f(g) = -4*g**3 + 7*g**2 - 6*g. Let q(w) = 7*w**3 - 14*w**2 + 12*w + 1. Let t(h) = -5*f(h) - 3*q(h). Calculate t(6).
-3
Let d(c) = c - 22. Let t be d(14). Let p(x) = -x**2 - 10*x + 4. What is p(t)?
20
Let n(v) = -v**3 - 9*v**2 + 2*v + 12. Suppose 18 = -8*y - 54. What is n(y)?
-6
Let k(t) = -3*t**3 + t**2 + t. Let b be k(-1). Suppose -3*q = -5*m - 9, m - 13 + 4 = -b*q. Suppose g + q*g + 12 = 0. Let r(y) = y**2 + 2*y - 4. Give r(g).
-1
Let t(u) = u**2 + u - 5. Suppose 4*x + 12 = 3*b, 5*b - x - 8 - 12 = 0. Suppose b*g + 4*l = 0, 0*g + 8 = g + 3*l. Calculate t(g).
7
Let j(f) be the first derivative of f**3/3 + 3*f**2/2 - 1. Suppose 0 = 4*k - 7*k, -4*a - 2*k - 16 = 0. Give j(a).
4
Suppose -3*n + 0*n = -12. Suppose -n = t + 1. Let b(l) = -5*l - 5. Let s(w) = w + 1. Let z(i) = b(i) + 6*s(i). Give z(t).
-4
Let c(x) be the third derivative of 11*x**6/120 + x**4/12 + x**3/6 + 4*x**2. Suppose 3 + 0 = -3*q. Give c(q).
-12
Let w(r) = -r + 3. Let s = 3 - -1. Suppose 0